when 2628632 is divided by 213.
212
Calculate the remainder when 38351 is divided by 30.
11
What is the remainder when 3375 is divided by 1114?
33
What is the remainder when 399 is divided by 329?
70
Calculate the remainder when 191091 is divided by 23.
7
Calculate the remainder when 3007 is divided by 2384.
623
What is the remainder when 692 is divided by 79?
60
What is the remainder when 173126 is divided by 398?
394
What is the remainder when 14798740 is divided by 2247?
2245
Calculate the remainder when 468878 is divided by 21312.
14
What is the remainder when 895 is divided by 31?
27
Calculate the remainder when 1106 is divided by 547.
12
Calculate the remainder when 841 is divided by 244.
109
Calculate the remainder when 1655 is divided by 403.
43
Calculate the remainder when 11544 is divided by 199.
2
Calculate the remainder when 1144 is divided by 440.
264
What is the remainder when 3031 is divided by 1512?
7
Calculate the remainder when 508325 is divided by 19.
18
Calculate the remainder when 30371 is divided by 633.
620
What is the remainder when 3424 is divided by 772?
336
Calculate the remainder when 71157 is divided by 49.
9
What is the remainder when 104247 is divided by 34743?
18
What is the remainder when 92334 is divided by 46161?
12
What is the remainder when 550 is divided by 75?
25
Calculate the remainder when 5440 is divided by 5419.
21
What is the remainder when 1627 is divided by 1425?
202
Calculate the remainder when 35443 is divided by 864.
19
Calculate the remainder when 6976 is divided by 68.
40
What is the remainder when 18986 is divided by 6326?
8
What is the remainder when 2827 is divided by 33?
22
Calculate the remainder when 15699 is divided by 5229.
12
Calculate the remainder when 11512 is divided by 95.
17
Calculate the remainder when 2832 is divided by 233.
36
What is the remainder when 594790 is divided by 396?
394
Calculate the remainder when 50756 is divided by 737.
640
What is the remainder when 35573 is divided by 177?
173
Calculate the remainder when 1142 is divided by 238.
190
Calculate the remainder when 5741 is divided by 169.
164
Calculate the remainder when 2376 is divided by 1064.
248
What is the remainder when 877 is divided by 363?
151
Calculate the remainder when 179758 is divided by 336.
334
What is the remainder when 53211 is divided by 383?
357
Calculate the remainder when 31987 is divided by 98.
39
What is the remainder when 528262 is divided by 49?
42
Calculate the remainder when 317 is divided by 103.
8
Calculate the remainder when 208294 is divided by 67.
58
What is the remainder when 3264 is divided by 202?
32
What is the remainder when 4374 is divided by 1124?
1002
What is the remainder when 20245 is divided by 675?
670
What is the remainder when 30205 is divided by 5034?
1
Calculate the remainder when 297 is divided by 217.
80
Calculate the remainder when 2798 is divided by 907.
77
What is the remainder when 781063 is divided by 143?
140
What is the remainder when 6150 is divided by 1992?
174
What is the remainder when 1008 is divided by 5?
3
What is the remainder when 278150 is divided by 139062?
26
Calculate the remainder when 851 is divided by 248.
107
Calculate the remainder when 6560 is divided by 273.
8
What is the remainder when 87534 is divided by 6249?
48
Calculate the remainder when 10439 is divided by 116.
115
Calculate the remainder when 539 is divided by 198.
143
Calculate the remainder when 35949 is divided by 89.
82
What is the remainder when 829 is divided by 812?
17
What is the remainder when 2534 is divided by 564?
278
What is the remainder when 35828 is divided by 32?
20
What is the remainder when 1762 is divided by 544?
130
What is the remainder when 11947 is divided by 66?
1
What is the remainder when 8861 is divided by 2204?
45
Calculate the remainder when 37771 is divided by 11.
8
Calculate the remainder when 37584 is divided by 70.
64
What is the remainder when 20343 is divided by 43?
4
Calculate the remainder when 239 is divided by 41.
34
What is the remainder when 31428 is divided by 15712?
4
Calculate the remainder when 170851 is divided by 39.
31
Calculate the remainder when 4499 is divided by 267.
227
Calculate the remainder when 1064489 is divided by 572.
569
Calculate the remainder when 94465 is divided by 2147.
2144
What is the remainder when 2391 is divided by 106?
59
What is the remainder when 453119 is divided by 22?
7
What is the remainder when 69401 is divided by 4335?
41
What is the remainder when 8718 is divided by 23?
1
Calculate the remainder when 21656 is divided by 1664.
24
What is the remainder when 62432 is divided by 242?
238
Calculate the remainder when 2253 is divided by 549.
57
Calculate the remainder when 3763 is divided by 1003.
754
Calculate the remainder when 30638 is divided by 40.
38
Calculate the remainder when 327773 is divided by 35.
33
Calculate the remainder when 712 is divided by 228.
28
Calculate the remainder when 61953 is divided by 1291.
1276
What is the remainder when 876 is divided by 96?
12
What is the remainder when 4304 is divided by 391?
3
What is the remainder when 61 is divided by 34?
27
What is the remainder when 77469 is divided by 1463?
1393
What is the remainder when 2901 is divided by 711?
57
Calculate the remainder when 36461 is divided by 2278.
13
Calculate the remainder when 37631 is divided by 1569.
1544
Calculate the remainder when 28490 is divided by 230.
200
What is the remainder when 12136 is divided by 535?
366
What is the remainder when 6874 is divided by 32?
26
What is the remainder when 144326 is divided by 582?
572
Calculate the remainder when 67524 is divided by 268.
256
Calculate the remainder when 14734 is divided by 1840.
14
Calculate the remainder when 16755 is divided by 147.
144
Calculate the remainder when 61576 is divided by 5129.
28
Calculate the remainder when 458223 is divided by 229110.
3
What is the remainder when 6088 is divided by 128?
72
What is the remainder when 88400 is divided by 2326?
12
What is the remainder when 1634 is divided by 684?
266
Calculate the remainder when 95340 is divided by 2325.
15
Calculate the remainder when 3713 is divided by 460.
33
What is the remainder when 14130 is divided by 790?
700
What is the remainder when 44100 is divided by 980?
0
Calculate the remainder when 4209 is divided by 520.
49
Calculate the remainder when 1098064 is divided by 146.
144
What is the remainder when 3087 is divided by 311?
288
What is the remainder when 405892 is divided by 61?
59
What is the remainder when 9174 is divided by 2593?
1395
Calculate the remainder when 296697 is divided by 6743.
5
Calculate the remainder when 2398 is divided by 80.
78
What is the remainder when 12603 is divided by 155?
48
Calculate the remainder when 13811 is divided by 294.
287
Calculate the remainder when 65394 is divided by 32688.
18
Calculate the remainder when 379758 is divided by 470.
468
Calculate the remainder when 66645 is divided by 83.
79
Calculate the remainder when 29627 is divided by 24.
11
What is the remainder when 81979 is divided by 96?
91
Calculate the remainder when 5641 is divided by 33.
31
Calculate the remainder when 141627 is divided by 814.
805
What is the remainder when 1781515 is divided by 104?
99
Calculate the remainder when 14088 is divided by 183.
180
What is the remainder when 38713 is divided by 89?
87
Calculate the remainder when 579298 is divided by 283.
280
Calculate the remainder when 10833 is divided by 10814.
19
What is the remainder when 18570 is divided by 884?
6
What is the remainder when 93042 is divided by 31011?
9
What is the remainder when 51541 is divided by 2571?
121
Calculate the remainder when 21981 is divided by 16.
13
Calculate the remainder when 419639 is divided by 130.
129
What is the remainder when 707 is divided by 284?
139
Calculate the remainder when 4971 is divided by 1508.
447
What is the remainder when 491394 is divided by 630?
624
Calculate the remainder when 3790 is divided by 272.
254
Calculate the remainder when 3315 is divided by 675.
615
What is the remainder when 4936 is divided by 133?
15
What is the remainder when 954 is divided by 805?
149
Calculate the remainder when 5781 is divided by 30.
21
Calculate the remainder